a
Convert 1011133232000 (base 4) to base 6.
1450245532
What is dc58b (base 15) in base 11?
438916
1411401123 (base 5) to base 7
42533610
Convert 4215852 (base 10) to base 14.
7ba564
What is -416465 (base 9) in base 11?
-159a63
Convert -331132003 (base 4) to base 15.
-4e904
What is 1223131 (base 5) in base 9?
35256
What is -44605 (base 13) in base 14?
-332cb
24242101 (base 5) to base 3
102120110011
Convert -242970 (base 10) to base 14.
-64790
What is 189432 (base 11) in base 14?
77d09
Convert 101111121100 (base 3) to base 2.
110010011110011100
122011220101010 (base 3) to base 8
42651766
-22120243 (base 6) to base 9
-1221320
-160005 (base 14) to base 3
-1110000221111
-37a1144 (base 12) to base 11
-6181158
Convert -1057337 (base 11) to base 5.
-433320421
89251 (base 11) to base 15
28520
Convert 8e612 (base 15) to base 11.
28a89a
What is 1645871 (base 9) in base 16?
dfb70
What is -131320210 (base 4) in base 16?
-1de24
-3ebb6 (base 15) to base 5
-22424041
Convert -545301 (base 6) to base 8.
-130305
-143620 (base 7) to base 13
-c826
What is 2c40a1 (base 14) in base 4?
11321313231
31313030120 (base 4) to base 15
4bbace
26908c (base 15) to base 6
103414423
-2105043 (base 6) to base 11
-6a865
-1231848 (base 11) to base 6
-113511041
Convert -1000011011010111 (base 2) to base 10.
-34519
Convert -1032404211 (base 5) to base 8.
-10406776
-c4290b (base 16) to base 11
-7290636
-c08c39 (base 15) to base 2
-100010110111111111101110
Convert 321253454 (base 6) to base 5.
2422340414
What is -327e8 (base 15) in base 5?
-20113133
Convert 1276322 (base 8) to base 9.
607283
Convert -1200213 (base 6) to base 7.
-346413
Convert 280829 (base 14) to base 7.
14524452
-11255 (base 14) to base 6
-520415
Convert b5cd (base 16) to base 3.
2100211202
What is -17b3847 (base 12) in base 14?
-9325b9
What is 4232343 (base 5) in base 16?
1153d
What is 1531240 (base 7) in base 16?
331cc
Convert -44112412 (base 6) to base 8.
-5012270
Convert -10111101 (base 5) to base 12.
-3b576
What is 122300303 (base 4) in base 15?
2272e
What is -1111011011101100 (base 2) in base 9?
-105635
What is -2021202020111 (base 3) in base 4?
-10220232322
What is -1033020102 (base 4) in base 14?
-86190
What is 112102411 (base 5) in base 11?
314300
559918 (base 11) to base 15
129267
What is -311400112 (base 5) in base 13?
-359a0a
-2314002 (base 6) to base 12
-58902
What is 265367a (base 13) in base 14?
1852b27
Convert -61504610 (base 8) to base 15.
-1220326
-1111000010101101011001 (base 2) to base 13
-a80ab6
-1001101101100000011 (base 2) to base 13
-b1aba
What is -1742464 (base 10) in base 8?
-6513200
Convert -72138 (base 10) to base 8.
-214712
What is -203131321 (base 4) in base 3?
-21101021111
Convert -34a14 (base 12) to base 5.
-4224301
-1404511 (base 7) to base 5
-21432002
Convert -7830d9 (base 15) to base 8.
-25671212
-4040004334 (base 5) to base 9
-16254187
Convert 45031205 (base 6) to base 5.
321412310
What is -1002760 (base 11) in base 8?
-6613040
-39b698 (base 12) to base 4
-3220230110
Convert -366610 (base 9) to base 2.
-110110000011000110
What is 199f85 (base 16) in base 11?
a476aa
Convert 1205003412 (base 6) to base 8.
64115140
237301 (base 8) to base 10
81601
What is 3313202 (base 6) in base 12?
7b802
10143400 (base 5) to base 15
19e50
Convert -124446120 (base 7) to base 11.
-45485aa
What is 45811 (base 14) in base 5?
20401332
-89768c (base 13) to base 9
-6083715
What is 3d30c (base 14) in base 6?
3125252
Convert 15423706 (base 8) to base 4.
31202133012
95c9a9 (base 13) to base 14
6760a6
What is -35bb45 (base 13) in base 8?
-4711317
-312828 (base 10) to base 4
-1030113330
Convert -10233406 (base 8) to base 6.
-114353354
What is -8082a (base 12) in base 2?
-101000110010100010
-1021224320 (base 5) to base 16
-208c5d
-356827 (base 10) to base 15
-70ad7
124472 (base 13) to base 3
211020210012
Convert -889301 (base 11) to base 5.
-330333004
-3cae4 (base 15) to base 4
-233210113
-25b5b9 (base 15) to base 14
-351a31
-7147523 (base 10) to base 5
-3312210043
Convert 134301321 (base 5) to base 8.
2521376
Convert 21755a (base 14) to base 2.
100010100111011111100
Convert 15562 (base 7) to base 3.
20001011
Convert -112322110 (base 4) to base 11.
-64563
What is 11aa831 (base 11) in base 6?
112511210
What is -2097a88 (base 11) in base 5?
-1420414024
Convert -1001111101010000111111 (base 2) to base 14.
-4bd379
-82352 (base 10) to base 2
-10100000110110000
Convert 3057455 (base 8) to base 4.
3011330231
Convert 1275947 (base 13) to base 8.
26034577
Convert -1222121210202 (base 3) to base 9.
-1877722
Convert 204566065 (base 7) to base 12.
40768b4
What is 103973 (base 10) in base 7?
612062
11001110111001010110 (base 2) to base 12
34a506
What is -42223420 (base 5) in base 12?
-14b673
-22dd3 (base 14) to base 5
-10210203
Convert -258206 (base 9) to base 10.
-156903
What is 2244333411 (base 5) in base 12?
1848587
What is -150353 (base 13) in base 14?
-d57c5
521966 (base 13) to base 4
13110013031
Convert 2307789 (base 10) to base 3.
11100020200200
What is 24286 (base 9) in base 16?
3f96
What is -2103122304 (base 5) in base 6?
-233111422
Convert -242000 (base 7) to base 9.
-66202
What is -375a (base 14) in base 8?
-22724
What is -20f09 (base 16) in base 4?
-200330021
What is 6036508 (base 9) in base 7?
36211454
What is -38aa14 (base 12) in base 11?
-586623
What is 754930 (base 11) in base 4?
10212223200
Convert -27da8 (base 16) to base 7.
-1246630
What is 1010000100101101111011 (base 2) in base 9?
4864401
13030331030 (base 4) to base 13
511508
303253013 (base 6) to base 5
2312422010
What is -23cb5 (base 13) in base 11?
-4555a
What is 3123340 (base 7) in base 5?
44011020
Convert 520034 (base 8) to base 7.
1314430
Convert 17cb289 (base 13) to base 16.
76ea3a
-261434 (base 8) to base 10
-90908
Convert 4aa82 (base 15) to base 8.
722036
433617 (base 11) to base 9
1265378
What is 133020301 (base 4) in base 6?
2422241
Convert -62455250 (base 7) to base 8.
-24034645
What is -94c0 (base 16) in base 15?
-b43a
Convert -177c84 (base 13) to base 7.
-5001300
What is -318980 (base 13) in base 7?
-12605465
-7521711 (base 9) to base 7
-46152400
7334267 (base 9) to base 13
a7337a
-a1b5bc (base 13) to base 12
-1317942
Convert -53432 (base 11) to base 15.
-18062
Convert 195e57 (base 15) to base 11.
773a55
Convert 245153 (base 7) to base 12.
22078
-55b52 (base 15) to base 13
-97097
-6033363 (base 7) to base 6
-23151010
Convert -200404214 (base 5) to base 4.
-3001323011
Convert 1275231 (base 8) to base 16.
57a99
-270 (base 14) to base 6
-2134
Convert -251723 (base 8) to base 12.
-42417
Convert -1012230233 (base 4) to base 14.
-77767
-24915 (base 13) to base 15
-14eb9
Convert -94474 (base 15) to base 7.
-3665440
Convert 20133211 (base 5) to base 13.
58790
Convert -3e82cc (base 15) to base 6.
-144340033
Convert 78996 (base 11) to base 13.
40067
Convert 1626063 (base 7) to base 14.
5c1da
What is -10001325 (base 6) in base 8?
-1043325
102102022112 (base 3) to base 8
666772
What is -ca8 (base 16) in base 3?
-11110000
What is -26068 (base 14) in base 5?
-10442023
What is -8870106 (base 9) in base 12?
-1720466
12100022121212 (base 3) to base 14
53d30b
What is -32352053 (base 6) in base 3?
-1210221112020
14501360 (base 7) to base 8
5204622
-4a27a (base 14) to base 8
-542544
What is -3033a07 (base 11) in base 6?
-310544252
300345 (base 6) to base 15
6e45
2317861 (base 10) to base 5
1043132421
What is -153126 (base 9) in base 12?
-46596
What is 30290 (base 15) in base 6?
3133500
Convert -11001121102 (base 3) to base 16.
-13820
What is -4217657 (base 8) in base 4?
-10101332233
What is -46455 (base 11) in base 5?
-4121334
Convert -316403 (base 10) to base 6.
-10440455
Convert 77393 (base 12) to base 3.
22000110010
What is 1321538 (base 9) in base 3?
1100201121022
21010211010 (base 3) to base 9
233733
36461261 (base 7) to base 8
14334421
9b75a6 (base 13) to base 9
6816236
Convert -415981 (base 11) to base 3.
-1020212111210
Convert 2348411 (base 9) to base 6.
43134531
Convert 6402459 (base 11) to base 6.
1041411152
What is -132313301 (base 5) in base 8?
-2426115
What is 12113214 (base 5) in base 16?
1bb97
What is 5e12b (base 15) in base 11?
195970
What is -34ab347 (base 12) in base 3?
-201011012112001
-121527 (base 9) to base 2
-10001111001110010
Conv